
Let n(y) be the first derivative of 2*y**2 + 5*y + 4. Let d(h) = 3*h + 4. Let q(a) = -6*d(a) + 4*n(a). Let u be (-2)/(-6) + (-13)/3. What is q(u)?
4
Let i(a) = a - 1. Let f be (0 - -1)*(3 - -4). Let y = -5 + f. Determine i(y).
1
Let o(w) = 2*w**2 - w. Let j(b) = -b**2 + 5*b + 1. Let d(c) = 2*j(c) + 2*o(c). What is d(-6)?
26
Let t(u) = -4*u + 13. Let a(p) be the first derivative of 3*p**2/2 - 9*p + 4. Let d(l) = -7*a(l) - 5*t(l). Give d(5).
-7
Let g(z) = -z + 4. Let o(h) = h - 4. Let y(t) = 2*g(t) + 3*o(t). What is y(-6)?
-10
Let s(m) be the second derivative of -m**3/6 + 2*m**2 + 2*m. Determine s(3).
1
Suppose 12 = -4*m + 32. Let c(h) = -h - 2. Determine c(m).
-7
Let q(p) = 4*p - 13*p**3 + 11*p**3 + 4 + 2*p**2 + 3*p**3. Calculate q(-3).
-17
Suppose 4*r - 4 = -5*o, -o + 10 = 5*r + 4*o. Suppose 0 = 2*z, -q - 4*q + 15 = -z. Let g(x) = -2*x - x + 3*x + q - x. Calculate g(r).
-3
Let m(d) = -4*d**2 + 1. Suppose 9 = -5*o + 14. What is m(o)?
-3
Let j(h) = 2*h**3 + 17*h**2 + 6*h - 8. Let y(m) = -5*m + 4 + 8*m**3 + 2*m - 8*m**2 - 9*m**3. Let n = 1 + -4. Let o(f) = n*j(f) - 7*y(f). Calculate o(-3).
5
Let w be (0 - 1) + (-8)/(-2). Suppose -3*x + 6 = -w. Let c(b) = -3*b + 3. Let o(v) = -16*v + 16. Let m(u) = 11*c(u) - 2*o(u). Calculate m(x).
-2
Let n(i) = i**2 - 6*i + 9. Let t be n(6). Let k(h) = -2*h - 9*h**3 - h**3 + 4*h**2 + 4*h + t*h**3. What is k(4)?
8
Suppose 2*z + 5*b = -26, -z - 13 = -b - 0*b. Let u(l) = -l**3 - 12*l**2 + 12*l - 8. Calculate u(z).
5
Let q be (-12)/(-54) - (-32)/18. Let n(v) = -2*v + 1. Determine n(q).
-3
Let n(u) = -u. Suppose 0 = -15*d + d - 70. Calculate n(d).
5
Let c(b) = b. Let d(a) = 4*a - 3. Let s(y) = -6*c(y) + d(y). Let l(q) = -q + 9. Let z be l(7). Suppose -2*n + n = z. What is s(n)?
1
Let r(o) be the first derivative of 2*o**3 - o + 3. Let g be r(1). Let z(i) = 0*i + g - 8*i**2 + 7*i**2 - i - 4*i. What is z(-5)?
5
Let j(n) be the third derivative of -n**4/24 - 4*n**2. Suppose -2 = -2*s - 12. Determine j(s).
5
Suppose 0 = 4*g - 3*g. Let x = -2 - g. Let w(h) = -4*h - 3. What is w(x)?
5
Suppose r - 5*o - 28 = 0, -2*r = 3*r + 2*o - 32. Suppose 0*s = -2*s - r. Let l(a) = a**2 + a - 4. Determine l(s).
8
Suppose 4*a - 9 = a. Let f(c) = -c**2 - c + 4. Let z(w) = -w**2 + 3. Let b(s) = a*f(s) - 4*z(s). Determine b(4).
4
Let n(m) be the second derivative of m**4/12 + 2*m**3 + 13*m**2/2 + 19*m. Give n(-10).
-7
Let w(d) = d**2 + 3. Suppose -k = -7*k - 24. Calculate w(k).
19
Let s(y) be the first derivative of -2 + 1/2*y**2 - y. Calculate s(-1).
-2
Let y(k) = 6*k**2 + k + 3. Let j(q) = 13*q**2 + q + 6. Let c(f) = 3*j(f) - 7*y(f). Suppose 15 = -5*x - 25. Let h be (-6)/(-4)*x/6. Calculate c(h).
-7
Let c(v) be the first derivative of -v**6/360 + 7*v**5/120 - v**4/12 - 2*v**3 - 1. Let a(q) be the third derivative of c(q). Calculate a(7).
-2
Let h(t) = -t - 7. Suppose 4*q + 4*l = 140 - 24, 5*q = -2*l + 136. Let v = q + -31. Give h(v).
-2
Suppose 47 = 5*c - 13. Let y be 9/c - (-212)/16. Suppose -19 = -4*f + h, -3*h + h = -4*f + y. Let t(z) = z**3 - 7*z**2 + 8*z - 5. Give t(f).
7
Let c(g) = g**2 + 6*g. Suppose 3*r - 7*r - 16 = 0. What is c(r)?
-8
Let w(c) = -c. Let z(x) = -6*x. Let b(d) = -9*w(d) + z(d). Let v = -375 - -373. Calculate b(v).
-6
Let g(o) = o - 7. Let l(j) = -j**3 + j**2 + j + 4. Let y be l(0). Let q = y - 1. What is g(q)?
-4
Let u(t) = -7*t**3 + 2*t**2 - 2*t + 1. Let i be u(1). Let g(x) = x**3 + 7*x**2 + 4*x - 2. Give g(i).
10
Let j(b) be the first derivative of -2 + 4/3*b**3 + 3*b + 1/4*b**4 - 3*b**2. Calculate j(-5).
8
Let w be 4/10 - 13/(-5). Suppose 4*h + 4*x - 4 = 0, 0 = 4*h + 6*x - x - 3. Let d(k) = -4*k - 5*k**2 + 2*k**2 + 1 + 3*k**2 + k**h. What is d(w)?
-2
Let q(r) = 2*r**2 + 3*r - 19. Let g = -1 - -4. Let d(j) = -j**2 - 2*j + 9. Let m(n) = g*q(n) + 7*d(n). Determine m(-5).
6
Let l(o) = o + 4. Let p = -64 + 57. What is l(p)?
-3
Let l(k) = k**2 - 6*k + 3. Let v = 2 + 1. Suppose -5 = 2*z + v*z. Let o be (2 - 1) + (0 - z). Determine l(o).
-5
Let b(m) = -m - 3. Suppose -3*z + 5*l + 8 + 14 = 0, l = -2. Suppose z*q - 5*s = 5 - 2, 4*q - s + 9 = 0. Calculate b(q).
0
Let c(r) be the third derivative of -r**6/40 - r**5/30 - r**4/8 - r**3/2 + 10*r**2. What is c(-2)?
19
Let b(z) = 45*z - 1 - 15*z - 13*z - 16*z. Let y be 1*(-2)/(1 - -1). What is b(y)?
-2
Let w(p) = 11*p + 4. Let r(i) = i - 1. Let t(k) = 22*k. Let m(c) = -6*r(c) + t(c). Let g(b) = -5*m(b) + 7*w(b). Calculate g(-2).
4
Let z(r) be the first derivative of r**2 - 3*r + 13. Calculate z(-3).
-9
Let x be (-2)/(-5) - 14/10. Let m(q) = 7*q + 1. Let t be m(x). Let j(v) = v**3 + 6*v**2 - v. What is j(t)?
6
Let c(s) = 3*s**3 + 4*s**2 + 4*s + 3. Let o(v) = 2*v - 12. Let h be o(5). Calculate c(h).
-13
Let g(k) = 2*k**3 + 6*k**2 - 9. Let m(u) = -3*u**3 - 9*u**2 + 13. Let l(v) = -7*g(v) - 5*m(v). Give l(-4).
-18
Let u = 7 - 13. Suppose 4 - 14 = -5*m. Let t(j) = m*j - j - 4*j + 4*j + 6. Calculate t(u).
0
Let n(j) = 8*j + 1 - 11*j + j**3 - 6*j**2 - 3*j + 1. Give n(7).
9
Let z(t) = -7*t**2 - 2*t**3 - 2*t + 1 + 9*t**2 + 3*t. Determine z(2).
-5
Let p(f) = 6*f**3 - 8*f**2 + 7*f + 4. Let a(b) = -6*b**2 - b**3 + 10*b**2 - 3*b**2 - b - 1. Let v(k) = -5*a(k) - p(k). What is v(3)?
-5
Let v(k) = -8*k - 2. Let q(j) be the third derivative of j**4/24 - j**2. Let n(l) = 5*q(l) + v(l). What is n(-3)?
7
Let b(v) = v + 6. Let n(t) = t**2 + t + 1. Let u(k) = 5*k**2 + 3*k + 9. Let i(z) = -4*n(z) + u(z). Let q be i(0). Calculate b(q).
11
Let z(y) = -y**2 + 7*y - 4. Suppose -1 - 21 = 2*m. Let i = m + 16. What is z(i)?
6
Let m(v) = 0 + 1 - 3*v - 3*v**2 + 6. Let l(a) = -10*a**2 + 0 + 11*a**2 + 2*a - 4. Let g(c) = -5*l(c) - 2*m(c). Determine g(4).
6
Suppose 5*l = s + s + 42, -3*s - 43 = -5*l. Let o(f) = 2*f - 10. What is o(l)?
6
Suppose 2*n = 8, -n = -5*l + 4*n - 20. Let b(o) = -o + 1. Let t(m) = 2. Let c(u) = -b(u) - t(u). Determine c(l).
-3
Let h(d) be the third derivative of -d**4/12 + d**3/2 - 8*d**2. Determine h(-3).
9
Let s(r) = r**3 - 4*r**2 - r - 5. Let i be s(4). Let a be (-1 - i/6)*6. Suppose -6*z = -a*z + 15. Let w(f) = 2*f + 2. Determine w(z).
-8
Let c(l) = -l - 4 + 2*l + l + 0. What is c(3)?
2
Let c(r) = -r**2 + 5*r + 1. Let b = -1 - -3. Let p be (-36)/(-8) - b/4. Suppose -n = -0*n - 5*d + 6, d - 18 = -p*n. What is c(n)?
5
Suppose -3*w + 5*x + 49 = 0, -24 = 5*w - 2*x - 74. Let f(d) = d - 13. Calculate f(w).
-5
Let z(n) = -6*n**2 + 4 - 3 - n**3 + 2*n**3. Let u be -1*(-16)/(-20)*(-15)/2. What is z(u)?
1
Suppose -4*o + 17 = 5*t, -4*t = -2*o - o - 26. Suppose 5*u = 26 - 1. Let i(x) = u*x**2 + 2*x**2 - 4*x - x**3 - 1 - x**2. Give i(t).
4
Suppose -h = -2*r + r + 4, -2*r + 8 = -4*h. Let s(y) = -2*y**2 - 3*y - y + r*y**2 - y**2. Determine s(5).
5
Let z(d) be the second derivative of -d**4/12 - d**3/6 + d**2 - 2*d. Determine z(-2).
0
Let b(z) = -5*z - 9. Let s(w) = -w - 1. Let c(l) = -3*b(l) + 24*s(l). What is c(2)?
-15
Let u(g) = -g**2 + 1. Let f be u(1). Let j(w) = 5*w - 1. Let o(d) = -4*d. Let y be (-6)/(3/(-6) + 2). Let k(q) = y*o(q) - 3*j(q). Give k(f).
3
Suppose 6*c - 25 = c - 5*o, 3*o = c - 5. Let h(r) = 0*r - r - 2 + c. What is h(-3)?
6
Let f(l) be the third derivative of -l**4/24 + 2*l**3/3 - l**2. Suppose 3*y - i - 3 = -0*i, 4*y = -5*i + 23. What is f(y)?
2
Suppose -5*h + 10 = 25. Let x(z) = 2*z**2 + z - 4. What is x(h)?
11
Let x(y) be the first derivative of -y**4/4 - y**2/2 + 3*y + 9. Give x(0).
3
Let b(n) = -n**3 - 2*n**2 - n - 3. Let i(c) = c + 1. Let k(z) = -b(z) - 2*i(z). Calculate k(-3).
-5
Let h(c) = -c**2 - 7*c - 9. Let m be h(-6). Let z(i) = 4*i - 4 + 1 - 2*i. Determine z(m).
-9
Let s(d) = -22 - 2*d**2 + 22 + 3*d**2. Determine s(4).
16
Let j be 2*-6*(-1)/4. Suppose -3*l - 6 = 4*r, j*r + 5 = 2*l - 8. Let f(s) = l - 3 + 1 - s**2 - 1 - 6*s. Give f(-4).
7
Let i(q) = -q**3 - 2*q**2 + 3*q + 3. Suppose 4 = 2*r - 2. Suppose -r*n - 2*u + 5 = -2*n, 0 = -4*n - 3*u. What is i(n)?
3
Let l(j) = -j**2 - j - 1. Suppose -25 = -3*f + n, 4*f = 2*f + 4*n. Let u = f + -17. Let x(d) = -d**2 - 6*d + 4. Let y be x(u). Calculate l(y).
-7
Let m(r) = -6*r + 1. Let q(l) = 2*l + 17. Let i be q(-7). Calculate m(i).
-17
Let t(c) = 2*c**2 + 4*c**3 + 0*c**2 + c + 0*c. Let u(b) = 6*b - 97. Let z be u(16). Calculate t(z).
-3
Let d be (-8)/18*15/(-40). Let n(g) be the second derivative of 0 + 2/3*g**3 + d*g**4 +